{"version":"1.0","provider_name":"Other News - Voz en contra de la corriente","provider_url":"https:\/\/www.other-news.info\/noticias","author_name":"admin","author_url":"https:\/\/www.other-news.info\/noticias\/author\/admin\/","title":"Brasil: \u00bfun actor de la pol\u00edtica mundial? - Other News - Voz en contra de la corriente","type":"rich","width":600,"height":338,"html":"<blockquote class=\"wp-embedded-content\" data-secret=\"sSpR2DLeuI\"><a href=\"https:\/\/www.other-news.info\/noticias\/brasil-un-actor-de-la-politica-mundial\/\">Brasil: \u00bfun actor de la pol\u00edtica mundial?<\/a><\/blockquote><iframe sandbox=\"allow-scripts\" security=\"restricted\" src=\"https:\/\/www.other-news.info\/noticias\/brasil-un-actor-de-la-politica-mundial\/embed\/#?secret=sSpR2DLeuI\" width=\"600\" height=\"338\" title=\"\u00abBrasil: \u00bfun actor de la pol\u00edtica mundial?\u00bb \u2014 Other News - Voz en contra de la corriente\" data-secret=\"sSpR2DLeuI\" frameborder=\"0\" marginwidth=\"0\" marginheight=\"0\" scrolling=\"no\" class=\"wp-embedded-content\"><\/iframe><script>\n\/*! This file is auto-generated *\/\n!function(d,l){\"use strict\";l.querySelector&&d.addEventListener&&\"undefined\"!=typeof URL&&(d.wp=d.wp||{},d.wp.receiveEmbedMessage||(d.wp.receiveEmbedMessage=function(e){var t=e.data;if((t||t.secret||t.message||t.value)&&!\/[^a-zA-Z0-9]\/.test(t.secret)){for(var s,r,n,a=l.querySelectorAll('iframe[data-secret=\"'+t.secret+'\"]'),o=l.querySelectorAll('blockquote[data-secret=\"'+t.secret+'\"]'),c=new RegExp(\"^https?:$\",\"i\"),i=0;i<o.length;i++)o[i].style.display=\"none\";for(i=0;i<a.length;i++)s=a[i],e.source===s.contentWindow&&(s.removeAttribute(\"style\"),\"height\"===t.message?(1e3<(r=parseInt(t.value,10))?r=1e3:~~r<200&&(r=200),s.height=r):\"link\"===t.message&&(r=new URL(s.getAttribute(\"src\")),n=new URL(t.value),c.test(n.protocol))&&n.host===r.host&&l.activeElement===s&&(d.top.location.href=t.value))}},d.addEventListener(\"message\",d.wp.receiveEmbedMessage,!1),l.addEventListener(\"DOMContentLoaded\",function(){for(var e,t,s=l.querySelectorAll(\"iframe.wp-embedded-content\"),r=0;r<s.length;r++)(t=(e=s[r]).getAttribute(\"data-secret\"))||(t=Math.random().toString(36).substring(2,12),e.src+=\"#?secret=\"+t,e.setAttribute(\"data-secret\",t)),e.contentWindow.postMessage({message:\"ready\",secret:t},\"*\")},!1)))}(window,document);\n\/\/# sourceURL=https:\/\/www.other-news.info\/noticias\/wp-includes\/js\/wp-embed.min.js\n<\/script>\n","description":"Por&nbsp; FERNANDO AYALA* - MEER El gigante de Sudam\u00e9rica se perfila como el l\u00edder de la regi\u00f3n en el plano internacional En Am\u00e9rica del Sur, Brasil es un pa\u00eds que ha sabido definir su inter\u00e9s nacional en base a su poder fundamentado en su extensi\u00f3n territorial de alrededor de\u2026"}

Brasil: ¿un actor de la política mundial? - Other News - Voz en contra de la corriente

<blockquote class="wp-embedded-content" data-secret="sSpR2DLeuI"><a href="https://www.other-news.info/noticias/brasil-un-actor-de-la-politica-mundial/">Brasil: ¿un actor de la política mundial?</a></blockquote><iframe sandbox="allow-scripts" security="restricted" src="https://www.other-news.info/noticias/brasil-un-actor-de-la-politica-mundial/embed/#?secret=sSpR2DLeuI" width="600" height="338" title="«Brasil: ¿un actor de la política mundial?» — Other News - Voz en contra de la corriente" data-secret="sSpR2DLeuI" frameborder="0" marginwidth="0" marginheight="0" scrolling="no" class="wp-embedded-content"></iframe><script>
/*! This file is auto-generated */
!function(d,l){"use strict";l.querySelector&&d.addEventListener&&"undefined"!=typeof URL&&(d.wp=d.wp||{},d.wp.receiveEmbedMessage||(d.wp.receiveEmbedMessage=function(e){var t=e.data;if((t||t.secret||t.message||t.value)&&!/[^a-zA-Z0-9]/.test(t.secret)){for(var s,r,n,a=l.querySelectorAll('iframe[data-secret="'+t.secret+'"]'),o=l.querySelectorAll('blockquote[data-secret="'+t.secret+'"]'),c=new RegExp("^https?:$","i"),i=0;i<o.length;i++)o[i].style.display="none";for(i=0;i<a.length;i++)s=a[i],e.source===s.contentWindow&&(s.removeAttribute("style"),"height"===t.message?(1e3<(r=parseInt(t.value,10))?r=1e3:~~r<200&&(r=200),s.height=r):"link"===t.message&&(r=new URL(s.getAttribute("src")),n=new URL(t.value),c.test(n.protocol))&&n.host===r.host&&l.activeElement===s&&(d.top.location.href=t.value))}},d.addEventListener("message",d.wp.receiveEmbedMessage,!1),l.addEventListener("DOMContentLoaded",function(){for(var e,t,s=l.querySelectorAll("iframe.wp-embedded-content"),r=0;r<s.length;r++)(t=(e=s[r]).getAttribute("data-secret"))||(t=Math.random().toString(36).substring(2,12),e.src+="#?secret="+t,e.setAttribute("data-secret",t)),e.contentWindow.postMessage({message:"ready",secret:t},"*")},!1)))}(window,document);
//# sourceURL=https://www.other-news.info/noticias/wp-includes/js/wp-embed.min.js
</script>

Por&nbsp; FERNANDO AYALA* - MEER El gigante de Sudamérica se perfila como el líder de la región en el plano internacional En América del Sur, Brasil es un país que ha sabido definir su interés nacional en base a su poder fundamentado en su extensión territorial de alrededor de…
